{"id":603,"date":"2021-07-14T12:25:06","date_gmt":"2021-07-14T11:25:06","guid":{"rendered":"https:\/\/espacefinance.org\/assistance\/?page_id=603"},"modified":"2025-05-27T09:49:35","modified_gmt":"2025-05-27T08:49:35","slug":"espace-finance-tpme-tunisie","status":"publish","type":"page","link":"https:\/\/espacefinance.org\/assistance\/","title":{"rendered":"Finance pratique pour Entrepreneurs &#038; Entreprises\u200b"},"content":{"rendered":"\t\t<div data-elementor-type=\"wp-page\" data-elementor-id=\"603\" class=\"elementor elementor-603\" data-elementor-post-type=\"page\">\n\t\t\t\t\t\t<section class=\"elementor-section elementor-top-section elementor-element elementor-element-5bb01ab elementor-section-boxed elementor-section-height-default elementor-section-height-default\" data-id=\"5bb01ab\" data-element_type=\"section\">\n\t\t\t\t\t\t<div class=\"elementor-container elementor-column-gap-default\">\n\t\t\t\t\t<div class=\"elementor-column elementor-col-100 elementor-top-column elementor-element elementor-element-7b7ea30\" data-id=\"7b7ea30\" data-element_type=\"column\">\n\t\t\t<div class=\"elementor-widget-wrap\">\n\t\t\t\t\t\t\t<\/div>\n\t\t<\/div>\n\t\t\t\t\t<\/div>\n\t\t<\/section>\n\t\t\t\t<section class=\"elementor-section elementor-top-section elementor-element elementor-element-bf7c757 elementor-section-boxed elementor-section-height-default elementor-section-height-default\" data-id=\"bf7c757\" data-element_type=\"section\">\n\t\t\t\t\t\t<div class=\"elementor-container elementor-column-gap-default\">\n\t\t\t\t\t<div class=\"elementor-column elementor-col-100 elementor-top-column elementor-element elementor-element-78dc9ec\" data-id=\"78dc9ec\" data-element_type=\"column\">\n\t\t\t<div class=\"elementor-widget-wrap elementor-element-populated\">\n\t\t\t\t\t\t<div class=\"elementor-element elementor-element-44f1dc8 elementor-widget-divider--view-line elementor-widget elementor-widget-divider\" data-id=\"44f1dc8\" data-element_type=\"widget\" data-widget_type=\"divider.default\">\n\t\t\t\t<div class=\"elementor-widget-container\">\n\t\t\t\t\t\t\t<div class=\"elementor-divider\">\n\t\t\t<span class=\"elementor-divider-separator\">\n\t\t\t\t\t\t<\/span>\n\t\t<\/div>\n\t\t\t\t\t\t<\/div>\n\t\t\t\t<\/div>\n\t\t\t\t\t<\/div>\n\t\t<\/div>\n\t\t\t\t\t<\/div>\n\t\t<\/section>\n\t\t\t\t<section class=\"elementor-section elementor-top-section elementor-element elementor-element-1523ee0 elementor-section-stretched elementor-hidden-tablet elementor-hidden-mobile elementor-section-boxed elementor-section-height-default elementor-section-height-default\" data-id=\"1523ee0\" data-element_type=\"section\" data-settings=\"{&quot;stretch_section&quot;:&quot;section-stretched&quot;}\">\n\t\t\t\t\t\t<div class=\"elementor-container elementor-column-gap-default\">\n\t\t\t\t\t<div class=\"elementor-column elementor-col-33 elementor-top-column elementor-element elementor-element-ef3b47d\" data-id=\"ef3b47d\" data-element_type=\"column\">\n\t\t\t<div class=\"elementor-widget-wrap\">\n\t\t\t\t\t\t\t<\/div>\n\t\t<\/div>\n\t\t\t\t<div class=\"elementor-column elementor-col-33 elementor-top-column elementor-element elementor-element-0628361\" data-id=\"0628361\" data-element_type=\"column\">\n\t\t\t<div class=\"elementor-widget-wrap\">\n\t\t\t\t\t\t\t<\/div>\n\t\t<\/div>\n\t\t\t\t<div class=\"elementor-column elementor-col-33 elementor-top-column elementor-element elementor-element-75f4533\" data-id=\"75f4533\" data-element_type=\"column\">\n\t\t\t<div class=\"elementor-widget-wrap\">\n\t\t\t\t\t\t\t<\/div>\n\t\t<\/div>\n\t\t\t\t\t<\/div>\n\t\t<\/section>\n\t\t\t\t<section class=\"elementor-section elementor-top-section elementor-element elementor-element-dbbbf6f elementor-section-stretched elementor-hidden-desktop elementor-section-boxed elementor-section-height-default elementor-section-height-default\" data-id=\"dbbbf6f\" data-element_type=\"section\" data-settings=\"{&quot;stretch_section&quot;:&quot;section-stretched&quot;}\">\n\t\t\t\t\t\t<div class=\"elementor-container elementor-column-gap-default\">\n\t\t\t\t\t<div class=\"elementor-column elementor-col-25 elementor-top-column elementor-element elementor-element-32a94b9\" data-id=\"32a94b9\" data-element_type=\"column\">\n\t\t\t<div class=\"elementor-widget-wrap\">\n\t\t\t\t\t\t\t<\/div>\n\t\t<\/div>\n\t\t\t\t<div class=\"elementor-column elementor-col-25 elementor-top-column elementor-element elementor-element-a9bf6b5\" data-id=\"a9bf6b5\" data-element_type=\"column\">\n\t\t\t<div class=\"elementor-widget-wrap\">\n\t\t\t\t\t\t\t<\/div>\n\t\t<\/div>\n\t\t\t\t<div class=\"elementor-column elementor-col-25 elementor-top-column elementor-element elementor-element-7b99cda\" data-id=\"7b99cda\" data-element_type=\"column\">\n\t\t\t<div class=\"elementor-widget-wrap\">\n\t\t\t\t\t\t\t<\/div>\n\t\t<\/div>\n\t\t\t\t<div class=\"elementor-column elementor-col-25 elementor-top-column elementor-element elementor-element-2f6b65e\" data-id=\"2f6b65e\" data-element_type=\"column\">\n\t\t\t<div class=\"elementor-widget-wrap\">\n\t\t\t\t\t\t\t<\/div>\n\t\t<\/div>\n\t\t\t\t\t<\/div>\n\t\t<\/section>\n\t\t\t\t<section class=\"elementor-section elementor-top-section elementor-element elementor-element-6aebd70 elementor-section-stretched elementor-hidden-tablet elementor-hidden-phone elementor-section-boxed elementor-section-height-default elementor-section-height-default\" data-id=\"6aebd70\" data-element_type=\"section\" data-settings=\"{&quot;stretch_section&quot;:&quot;section-stretched&quot;}\">\n\t\t\t\t\t\t<div class=\"elementor-container elementor-column-gap-default\">\n\t\t\t\t\t<div class=\"elementor-column elementor-col-25 elementor-top-column elementor-element elementor-element-24b41a3\" data-id=\"24b41a3\" data-element_type=\"column\">\n\t\t\t<div class=\"elementor-widget-wrap\">\n\t\t\t\t\t\t\t<\/div>\n\t\t<\/div>\n\t\t\t\t<div class=\"elementor-column elementor-col-25 elementor-top-column elementor-element elementor-element-60211a8\" data-id=\"60211a8\" data-element_type=\"column\">\n\t\t\t<div class=\"elementor-widget-wrap\">\n\t\t\t\t\t\t\t<\/div>\n\t\t<\/div>\n\t\t\t\t<div class=\"elementor-column elementor-col-25 elementor-top-column elementor-element elementor-element-9e28a29\" data-id=\"9e28a29\" data-element_type=\"column\">\n\t\t\t<div class=\"elementor-widget-wrap\">\n\t\t\t\t\t\t\t<\/div>\n\t\t<\/div>\n\t\t\t\t<div class=\"elementor-column elementor-col-25 elementor-top-column elementor-element elementor-element-6b1aa35\" data-id=\"6b1aa35\" data-element_type=\"column\">\n\t\t\t<div class=\"elementor-widget-wrap\">\n\t\t\t\t\t\t\t<\/div>\n\t\t<\/div>\n\t\t\t\t\t<\/div>\n\t\t<\/section>\n\t\t\t\t<section class=\"elementor-section elementor-top-section elementor-element elementor-element-43be7ef elementor-section-boxed elementor-section-height-default elementor-section-height-default\" data-id=\"43be7ef\" data-element_type=\"section\">\n\t\t\t\t\t\t<div class=\"elementor-container elementor-column-gap-default\">\n\t\t\t\t\t<div class=\"elementor-column elementor-col-100 elementor-top-column elementor-element elementor-element-27e2e04\" data-id=\"27e2e04\" data-element_type=\"column\">\n\t\t\t<div class=\"elementor-widget-wrap elementor-element-populated\">\n\t\t\t\t\t\t<div class=\"elementor-element elementor-element-6d9eda3 elementor-widget-divider--view-line elementor-widget elementor-widget-divider\" data-id=\"6d9eda3\" data-element_type=\"widget\" data-widget_type=\"divider.default\">\n\t\t\t\t<div class=\"elementor-widget-container\">\n\t\t\t\t\t\t\t<div class=\"elementor-divider\">\n\t\t\t<span class=\"elementor-divider-separator\">\n\t\t\t\t\t\t<\/span>\n\t\t<\/div>\n\t\t\t\t\t\t<\/div>\n\t\t\t\t<\/div>\n\t\t\t\t\t<\/div>\n\t\t<\/div>\n\t\t\t\t\t<\/div>\n\t\t<\/section>\n\t\t\t\t<section class=\"elementor-section elementor-top-section elementor-element elementor-element-67df58f elementor-section-boxed elementor-section-height-default elementor-section-height-default\" data-id=\"67df58f\" data-element_type=\"section\">\n\t\t\t\t\t\t<div class=\"elementor-container elementor-column-gap-default\">\n\t\t\t\t\t<div class=\"elementor-column elementor-col-100 elementor-top-column elementor-element elementor-element-1de8b05\" data-id=\"1de8b05\" data-element_type=\"column\">\n\t\t\t<div class=\"elementor-widget-wrap\">\n\t\t\t\t\t\t\t<\/div>\n\t\t<\/div>\n\t\t\t\t\t<\/div>\n\t\t<\/section>\n\t\t\t\t<section class=\"elementor-section elementor-top-section elementor-element elementor-element-02d69fa elementor-section-boxed elementor-section-height-default elementor-section-height-default\" data-id=\"02d69fa\" data-element_type=\"section\">\n\t\t\t\t\t\t<div class=\"elementor-container elementor-column-gap-default\">\n\t\t\t\t\t<div class=\"elementor-column elementor-col-100 elementor-top-column elementor-element elementor-element-a6b86be\" data-id=\"a6b86be\" data-element_type=\"column\">\n\t\t\t<div class=\"elementor-widget-wrap elementor-element-populated\">\n\t\t\t\t\t\t<div class=\"elementor-element elementor-element-973d1a6 elementor-widget-divider--view-line elementor-widget elementor-widget-divider\" data-id=\"973d1a6\" data-element_type=\"widget\" data-widget_type=\"divider.default\">\n\t\t\t\t<div class=\"elementor-widget-container\">\n\t\t\t\t\t\t\t<div class=\"elementor-divider\">\n\t\t\t<span class=\"elementor-divider-separator\">\n\t\t\t\t\t\t<\/span>\n\t\t<\/div>\n\t\t\t\t\t\t<\/div>\n\t\t\t\t<\/div>\n\t\t\t\t\t<\/div>\n\t\t<\/div>\n\t\t\t\t\t<\/div>\n\t\t<\/section>\n\t\t\t\t<section class=\"elementor-section elementor-top-section elementor-element elementor-element-eeadf30 elementor-section-boxed elementor-section-height-default elementor-section-height-default\" data-id=\"eeadf30\" data-element_type=\"section\">\n\t\t\t\t\t\t<div class=\"elementor-container elementor-column-gap-default\">\n\t\t\t\t\t<div class=\"elementor-column elementor-col-100 elementor-top-column elementor-element elementor-element-e51afcd\" data-id=\"e51afcd\" data-element_type=\"column\">\n\t\t\t<div class=\"elementor-widget-wrap\">\n\t\t\t\t\t\t\t<\/div>\n\t\t<\/div>\n\t\t\t\t\t<\/div>\n\t\t<\/section>\n\t\t\t\t<section class=\"elementor-section elementor-top-section elementor-element elementor-element-37c433a elementor-section-stretched elementor-section-full_width elementor-section-height-default elementor-section-height-default\" data-id=\"37c433a\" data-element_type=\"section\" data-settings=\"{&quot;stretch_section&quot;:&quot;section-stretched&quot;}\">\n\t\t\t\t\t\t<div class=\"elementor-container elementor-column-gap-default\">\n\t\t\t\t\t<div class=\"elementor-column elementor-col-100 elementor-top-column elementor-element elementor-element-a30d0d2\" data-id=\"a30d0d2\" data-element_type=\"column\">\n\t\t\t<div class=\"elementor-widget-wrap\">\n\t\t\t\t\t\t\t<\/div>\n\t\t<\/div>\n\t\t\t\t\t<\/div>\n\t\t<\/section>\n\t\t\t\t<section class=\"elementor-section elementor-top-section elementor-element elementor-element-5e56338 elementor-section-boxed elementor-section-height-default elementor-section-height-default\" data-id=\"5e56338\" data-element_type=\"section\">\n\t\t\t\t\t\t<div class=\"elementor-container elementor-column-gap-default\">\n\t\t\t\t\t<div class=\"elementor-column elementor-col-100 elementor-top-column elementor-element elementor-element-e9b36f3\" data-id=\"e9b36f3\" data-element_type=\"column\">\n\t\t\t<div class=\"elementor-widget-wrap elementor-element-populated\">\n\t\t\t\t\t\t<div class=\"elementor-element elementor-element-5c897fd elementor-widget-divider--view-line elementor-widget elementor-widget-divider\" data-id=\"5c897fd\" data-element_type=\"widget\" data-widget_type=\"divider.default\">\n\t\t\t\t<div class=\"elementor-widget-container\">\n\t\t\t\t\t\t\t<div class=\"elementor-divider\">\n\t\t\t<span class=\"elementor-divider-separator\">\n\t\t\t\t\t\t<\/span>\n\t\t<\/div>\n\t\t\t\t\t\t<\/div>\n\t\t\t\t<\/div>\n\t\t\t\t\t<\/div>\n\t\t<\/div>\n\t\t\t\t\t<\/div>\n\t\t<\/section>\n\t\t\t\t<section data-dce-background-overlay-color=\"#ffffff\" class=\"elementor-section elementor-top-section elementor-element elementor-element-20f6210a elementor-section-boxed elementor-section-height-default elementor-section-height-default\" data-id=\"20f6210a\" data-element_type=\"section\" data-settings=\"{&quot;background_background&quot;:&quot;classic&quot;}\">\n\t\t\t\t\t\t\t<div class=\"elementor-background-overlay\"><\/div>\n\t\t\t\t\t\t\t<div class=\"elementor-container elementor-column-gap-wide\">\n\t\t\t\t\t<div data-dce-background-image-url=\"https:\/\/espacefinance.org\/assistance\/wp-content\/uploads\/2020\/04\/dQIGCt.png\" class=\"elementor-column elementor-col-50 elementor-top-column elementor-element elementor-element-20cbf875\" data-id=\"20cbf875\" data-element_type=\"column\" data-settings=\"{&quot;background_background&quot;:&quot;classic&quot;}\">\n\t\t\t<div class=\"elementor-widget-wrap elementor-element-populated\">\n\t\t\t\t\t<div class=\"elementor-background-overlay\"><\/div>\n\t\t\t\t\t\t<div class=\"elementor-element elementor-element-217a2d elementor-widget elementor-widget-heading\" data-id=\"217a2d\" data-element_type=\"widget\" data-widget_type=\"heading.default\">\n\t\t\t\t<div class=\"elementor-widget-container\">\n\t\t\t\t\t<h2 class=\"elementor-heading-title elementor-size-default\">ILS NOUS<br>ACCOMPAGNENT<\/h2>\t\t\t\t<\/div>\n\t\t\t\t<\/div>\n\t\t\t\t<div class=\"elementor-element elementor-element-120d17e1 elementor-widget elementor-widget-heading\" data-id=\"120d17e1\" data-element_type=\"widget\" data-widget_type=\"heading.default\">\n\t\t\t\t<div class=\"elementor-widget-container\">\n\t\t\t\t\t<h3 class=\"elementor-heading-title elementor-size-default\">Nos\nPartenaires<\/h3>\t\t\t\t<\/div>\n\t\t\t\t<\/div>\n\t\t\t\t<div class=\"elementor-element elementor-element-87e24f2 elementor-widget-divider--view-line elementor-widget elementor-widget-divider\" data-id=\"87e24f2\" data-element_type=\"widget\" data-widget_type=\"divider.default\">\n\t\t\t\t<div class=\"elementor-widget-container\">\n\t\t\t\t\t\t\t<div class=\"elementor-divider\">\n\t\t\t<span class=\"elementor-divider-separator\">\n\t\t\t\t\t\t<\/span>\n\t\t<\/div>\n\t\t\t\t\t\t<\/div>\n\t\t\t\t<\/div>\n\t\t\t\t\t<\/div>\n\t\t<\/div>\n\t\t\t\t<div class=\"elementor-column elementor-col-50 elementor-top-column elementor-element elementor-element-b60b9c\" data-id=\"b60b9c\" data-element_type=\"column\">\n\t\t\t<div class=\"elementor-widget-wrap\">\n\t\t\t\t\t\t\t<\/div>\n\t\t<\/div>\n\t\t\t\t\t<\/div>\n\t\t<\/section>\n\t\t\t\t<section data-dce-background-overlay-color=\"#ffffff\" class=\"elementor-section elementor-top-section elementor-element elementor-element-fbb7b2b elementor-section-boxed elementor-section-height-default elementor-section-height-default\" data-id=\"fbb7b2b\" data-element_type=\"section\" data-settings=\"{&quot;background_background&quot;:&quot;classic&quot;}\">\n\t\t\t\t\t\t\t<div class=\"elementor-background-overlay\"><\/div>\n\t\t\t\t\t\t\t<div class=\"elementor-container elementor-column-gap-wide\">\n\t\t\t\t\t<div data-dce-background-image-url=\"https:\/\/espacefinance.org\/assistance\/wp-content\/uploads\/2020\/04\/dQIGCt.png\" class=\"elementor-column elementor-col-50 elementor-top-column elementor-element elementor-element-237e851\" data-id=\"237e851\" data-element_type=\"column\" data-settings=\"{&quot;background_background&quot;:&quot;classic&quot;}\">\n\t\t\t<div class=\"elementor-widget-wrap elementor-element-populated\">\n\t\t\t\t\t<div class=\"elementor-background-overlay\"><\/div>\n\t\t\t\t\t\t<div class=\"elementor-element elementor-element-f8b2ca4 elementor-widget elementor-widget-heading\" data-id=\"f8b2ca4\" data-element_type=\"widget\" data-widget_type=\"heading.default\">\n\t\t\t\t<div class=\"elementor-widget-container\">\n\t\t\t\t\t<h2 class=\"elementor-heading-title elementor-size-default\">ILS NOUS<br>ACCOMPAGNENT<\/h2>\t\t\t\t<\/div>\n\t\t\t\t<\/div>\n\t\t\t\t<div class=\"elementor-element elementor-element-ddc9f60 elementor-widget elementor-widget-heading\" data-id=\"ddc9f60\" data-element_type=\"widget\" data-widget_type=\"heading.default\">\n\t\t\t\t<div class=\"elementor-widget-container\">\n\t\t\t\t\t<h3 class=\"elementor-heading-title elementor-size-default\">Nos\nPartenaires<\/h3>\t\t\t\t<\/div>\n\t\t\t\t<\/div>\n\t\t\t\t<div class=\"elementor-element elementor-element-6671a48 elementor-widget-divider--view-line elementor-widget elementor-widget-divider\" data-id=\"6671a48\" data-element_type=\"widget\" data-widget_type=\"divider.default\">\n\t\t\t\t<div class=\"elementor-widget-container\">\n\t\t\t\t\t\t\t<div class=\"elementor-divider\">\n\t\t\t<span class=\"elementor-divider-separator\">\n\t\t\t\t\t\t<\/span>\n\t\t<\/div>\n\t\t\t\t\t\t<\/div>\n\t\t\t\t<\/div>\n\t\t\t\t\t<\/div>\n\t\t<\/div>\n\t\t\t\t<div class=\"elementor-column elementor-col-50 elementor-top-column elementor-element elementor-element-c15876f\" data-id=\"c15876f\" data-element_type=\"column\">\n\t\t\t<div class=\"elementor-widget-wrap\">\n\t\t\t\t\t\t\t<\/div>\n\t\t<\/div>\n\t\t\t\t\t<\/div>\n\t\t<\/section>\n\t\t\t\t<section class=\"elementor-section elementor-top-section elementor-element elementor-element-37af1ed elementor-section-boxed elementor-section-height-default elementor-section-height-default\" data-id=\"37af1ed\" data-element_type=\"section\">\n\t\t\t\t\t\t<div class=\"elementor-container elementor-column-gap-default\">\n\t\t\t\t\t<div class=\"elementor-column elementor-col-100 elementor-top-column elementor-element elementor-element-f798027\" data-id=\"f798027\" data-element_type=\"column\">\n\t\t\t<div class=\"elementor-widget-wrap elementor-element-populated\">\n\t\t\t\t\t\t<div class=\"elementor-element elementor-element-3671c3e elementor-widget-divider--view-line elementor-widget elementor-widget-divider\" data-id=\"3671c3e\" data-element_type=\"widget\" data-widget_type=\"divider.default\">\n\t\t\t\t<div class=\"elementor-widget-container\">\n\t\t\t\t\t\t\t<div class=\"elementor-divider\">\n\t\t\t<span class=\"elementor-divider-separator\">\n\t\t\t\t\t\t<\/span>\n\t\t<\/div>\n\t\t\t\t\t\t<\/div>\n\t\t\t\t<\/div>\n\t\t\t\t\t<\/div>\n\t\t<\/div>\n\t\t\t\t\t<\/div>\n\t\t<\/section>\n\t\t\t\t<section class=\"elementor-section elementor-top-section elementor-element elementor-element-59ef92c elementor-section-boxed elementor-section-height-default elementor-section-height-default\" data-id=\"59ef92c\" data-element_type=\"section\">\n\t\t\t\t\t\t<div class=\"elementor-container elementor-column-gap-default\">\n\t\t\t\t\t<div class=\"elementor-column elementor-col-100 elementor-top-column elementor-element elementor-element-eba261a\" data-id=\"eba261a\" data-element_type=\"column\">\n\t\t\t<div class=\"elementor-widget-wrap\">\n\t\t\t\t\t\t\t<\/div>\n\t\t<\/div>\n\t\t\t\t\t<\/div>\n\t\t<\/section>\n\t\t\t\t<\/div>\n\t\t","protected":false},"excerpt":{"rendered":"<p>Espace Finance TPME Tunisie Finance pratique pour Entrepreneurs &amp; Entreprises\u200b<\/p>\n","protected":false},"author":1,"featured_media":0,"parent":0,"menu_order":0,"comment_status":"closed","ping_status":"closed","template":"","meta":{"_acf_changed":false,"footnotes":""},"categories_outils":[],"class_list":["post-603","page","type-page","status-publish","hentry"],"acf":[],"yoast_head":"<!-- This site is optimized with the Yoast SEO plugin v24.3 - https:\/\/yoast.com\/wordpress\/plugins\/seo\/ -->\n<title>ESPACE FINANCE TPME TUNISIE<\/title>\n<meta name=\"description\" content=\"Espace Finance TPME Tunisie, prendre vos d\u00e9cisions financi\u00e8res dans les meilleures conditions et pr\u00e9parer au dialogue avec votre banquier.\" \/>\n<meta name=\"robots\" content=\"index, follow, max-snippet:-1, max-image-preview:large, max-video-preview:-1\" \/>\n<link rel=\"canonical\" href=\"https:\/\/espacefinance.org\/assistance\/\" \/>\n<meta property=\"og:locale\" content=\"fr_FR\" \/>\n<meta property=\"og:type\" content=\"article\" \/>\n<meta property=\"og:title\" content=\"ESPACE FINANCE TPME TUNISIE\" \/>\n<meta property=\"og:description\" content=\"Espace Finance TPME Tunisie, prendre vos d\u00e9cisions financi\u00e8res dans les meilleures conditions et pr\u00e9parer au dialogue avec votre banquier.\" \/>\n<meta property=\"og:url\" content=\"https:\/\/espacefinance.org\/assistance\/\" \/>\n<meta property=\"og:site_name\" content=\"ESPACE FINANCE TPME TUNISIE\" \/>\n<meta property=\"article:modified_time\" content=\"2025-05-27T08:49:35+00:00\" \/>\n<meta name=\"twitter:card\" content=\"summary_large_image\" \/>\n<meta name=\"twitter:label1\" content=\"Dur\u00e9e de lecture est.\" \/>\n\t<meta name=\"twitter:data1\" content=\"1 minute\" \/>\n<script type=\"application\/ld+json\" class=\"yoast-schema-graph\">{\"@context\":\"https:\/\/schema.org\",\"@graph\":[{\"@type\":\"WebPage\",\"@id\":\"https:\/\/espacefinance.org\/assistance\/\",\"url\":\"https:\/\/espacefinance.org\/assistance\/\",\"name\":\"ESPACE FINANCE TPME TUNISIE\",\"isPartOf\":{\"@id\":\"https:\/\/espacefinance.org\/assistance\/#website\"},\"datePublished\":\"2021-07-14T11:25:06+00:00\",\"dateModified\":\"2025-05-27T08:49:35+00:00\",\"description\":\"Espace Finance TPME Tunisie, prendre vos d\u00e9cisions financi\u00e8res dans les meilleures conditions et pr\u00e9parer au dialogue avec votre banquier.\",\"inLanguage\":\"fr-BE\",\"potentialAction\":[{\"@type\":\"ReadAction\",\"target\":[\"https:\/\/espacefinance.org\/assistance\/\"]}]},{\"@type\":\"WebSite\",\"@id\":\"https:\/\/espacefinance.org\/assistance\/#website\",\"url\":\"https:\/\/espacefinance.org\/assistance\/\",\"name\":\"ESPACE FINANCE TPME TUNISIE\",\"description\":\"Au service des entrepreneurs et entreprises de Tunisie\",\"publisher\":{\"@id\":\"https:\/\/espacefinance.org\/assistance\/#organization\"},\"potentialAction\":[{\"@type\":\"SearchAction\",\"target\":{\"@type\":\"EntryPoint\",\"urlTemplate\":\"https:\/\/espacefinance.org\/assistance\/?s={search_term_string}\"},\"query-input\":{\"@type\":\"PropertyValueSpecification\",\"valueRequired\":true,\"valueName\":\"search_term_string\"}}],\"inLanguage\":\"fr-BE\"},{\"@type\":\"Organization\",\"@id\":\"https:\/\/espacefinance.org\/assistance\/#organization\",\"name\":\"ESPACE FINANCE TPME TUNISIE\",\"url\":\"https:\/\/espacefinance.org\/assistance\/\",\"logo\":{\"@type\":\"ImageObject\",\"inLanguage\":\"fr-BE\",\"@id\":\"https:\/\/espacefinance.org\/assistance\/#\/schema\/logo\/image\/\",\"url\":\"https:\/\/espacefinance.org\/assistance\/wp-content\/uploads\/2021\/07\/espace_finance_logo_full-02.svg\",\"contentUrl\":\"https:\/\/espacefinance.org\/assistance\/wp-content\/uploads\/2021\/07\/espace_finance_logo_full-02.svg\",\"width\":331,\"height\":128,\"caption\":\"ESPACE FINANCE TPME TUNISIE\"},\"image\":{\"@id\":\"https:\/\/espacefinance.org\/assistance\/#\/schema\/logo\/image\/\"}}]}<\/script>\n<!-- \/ Yoast SEO plugin. -->","yoast_head_json":{"title":"ESPACE FINANCE TPME TUNISIE","description":"Espace Finance TPME Tunisie, prendre vos d\u00e9cisions financi\u00e8res dans les meilleures conditions et pr\u00e9parer au dialogue avec votre banquier.","robots":{"index":"index","follow":"follow","max-snippet":"max-snippet:-1","max-image-preview":"max-image-preview:large","max-video-preview":"max-video-preview:-1"},"canonical":"https:\/\/espacefinance.org\/assistance\/","og_locale":"fr_FR","og_type":"article","og_title":"ESPACE FINANCE TPME TUNISIE","og_description":"Espace Finance TPME Tunisie, prendre vos d\u00e9cisions financi\u00e8res dans les meilleures conditions et pr\u00e9parer au dialogue avec votre banquier.","og_url":"https:\/\/espacefinance.org\/assistance\/","og_site_name":"ESPACE FINANCE TPME TUNISIE","article_modified_time":"2025-05-27T08:49:35+00:00","twitter_card":"summary_large_image","twitter_misc":{"Dur\u00e9e de lecture est.":"1 minute"},"schema":{"@context":"https:\/\/schema.org","@graph":[{"@type":"WebPage","@id":"https:\/\/espacefinance.org\/assistance\/","url":"https:\/\/espacefinance.org\/assistance\/","name":"ESPACE FINANCE TPME TUNISIE","isPartOf":{"@id":"https:\/\/espacefinance.org\/assistance\/#website"},"datePublished":"2021-07-14T11:25:06+00:00","dateModified":"2025-05-27T08:49:35+00:00","description":"Espace Finance TPME Tunisie, prendre vos d\u00e9cisions financi\u00e8res dans les meilleures conditions et pr\u00e9parer au dialogue avec votre banquier.","inLanguage":"fr-BE","potentialAction":[{"@type":"ReadAction","target":["https:\/\/espacefinance.org\/assistance\/"]}]},{"@type":"WebSite","@id":"https:\/\/espacefinance.org\/assistance\/#website","url":"https:\/\/espacefinance.org\/assistance\/","name":"ESPACE FINANCE TPME TUNISIE","description":"Au service des entrepreneurs et entreprises de Tunisie","publisher":{"@id":"https:\/\/espacefinance.org\/assistance\/#organization"},"potentialAction":[{"@type":"SearchAction","target":{"@type":"EntryPoint","urlTemplate":"https:\/\/espacefinance.org\/assistance\/?s={search_term_string}"},"query-input":{"@type":"PropertyValueSpecification","valueRequired":true,"valueName":"search_term_string"}}],"inLanguage":"fr-BE"},{"@type":"Organization","@id":"https:\/\/espacefinance.org\/assistance\/#organization","name":"ESPACE FINANCE TPME TUNISIE","url":"https:\/\/espacefinance.org\/assistance\/","logo":{"@type":"ImageObject","inLanguage":"fr-BE","@id":"https:\/\/espacefinance.org\/assistance\/#\/schema\/logo\/image\/","url":"https:\/\/espacefinance.org\/assistance\/wp-content\/uploads\/2021\/07\/espace_finance_logo_full-02.svg","contentUrl":"https:\/\/espacefinance.org\/assistance\/wp-content\/uploads\/2021\/07\/espace_finance_logo_full-02.svg","width":331,"height":128,"caption":"ESPACE FINANCE TPME TUNISIE"},"image":{"@id":"https:\/\/espacefinance.org\/assistance\/#\/schema\/logo\/image\/"}}]}},"lang":"fr","translations":{"fr":603,"tu":1660},"pll_sync_post":[],"_links":{"self":[{"href":"https:\/\/espacefinance.org\/assistance\/wp-json\/wp\/v2\/pages\/603","targetHints":{"allow":["GET"]}}],"collection":[{"href":"https:\/\/espacefinance.org\/assistance\/wp-json\/wp\/v2\/pages"}],"about":[{"href":"https:\/\/espacefinance.org\/assistance\/wp-json\/wp\/v2\/types\/page"}],"author":[{"embeddable":true,"href":"https:\/\/espacefinance.org\/assistance\/wp-json\/wp\/v2\/users\/1"}],"replies":[{"embeddable":true,"href":"https:\/\/espacefinance.org\/assistance\/wp-json\/wp\/v2\/comments?post=603"}],"version-history":[{"count":338,"href":"https:\/\/espacefinance.org\/assistance\/wp-json\/wp\/v2\/pages\/603\/revisions"}],"predecessor-version":[{"id":3743,"href":"https:\/\/espacefinance.org\/assistance\/wp-json\/wp\/v2\/pages\/603\/revisions\/3743"}],"wp:attachment":[{"href":"https:\/\/espacefinance.org\/assistance\/wp-json\/wp\/v2\/media?parent=603"}],"wp:term":[{"taxonomy":"categories_outils","embeddable":true,"href":"https:\/\/espacefinance.org\/assistance\/wp-json\/wp\/v2\/categories_outils?post=603"}],"curies":[{"name":"wp","href":"https:\/\/api.w.org\/{rel}","templated":true}]}}